7
Suppose z = -9 + 29. Suppose 228*v = 3*u + 233*v - 141, 133 = 2*u - v. Calculate the remainder when u is divided by z.
2
Let d be -4*(-6)/42 - 466/7. Let m = d + 97. What is the remainder when m is divided by 10?
1
Suppose 4*j = 26 + 6. What is the remainder when (j/(-20))/(-1 + 1404/1410) is divided by 41?
12
What is the remainder when 14281 is divided by (63/5)/(2520/5400)?
25
Suppose -4*t - 9*z + 5*z + 188 = 0, 0 = 4*z - 16. Let s = t - 25. Let g = 70 - 35. What is the remainder when g is divided by s?
17
Let k = -512 + 511. Calculate the remainder when (6/12)/(k*(-3)/426) is divided by 37.
34
Let g = -17092 - -17414. Calculate the remainder when g is divided by 197.
125
Let z(y) = -7*y + 11. Let m(a) = 4*a - 5. Let i(v) = -5*m(v) - 3*z(v). Let p be i(10). What is the remainder when 46 is divided by (-144)/(-21) - p/(-14)?
4
Let g(y) = 92*y**2 + 26*y - 115. What is the remainder when g(3) is divided by 88?
87
Suppose w = -4*w. Suppose w = -3*x + 8*x - 135. Let o(r) = -11*r - 48. Calculate the remainder when x is divided by o(-5).
6
Let r be (3/8*146)/((-3)/(-8)). Suppose -147*p + 27 = -r*p. Calculate the remainder when 127 is divided by p.
19
Let k = 80 - -27. Suppose -18*g = -468 - 774. Suppose 3*o = 6*o + y - 111, -2*o = -y - g. Calculate the remainder when k is divided by o.
35
Let i(b) be the third derivative of 43*b**4/24 - 11*b**3/2 + 54*b**2. Calculate the remainder when i(3) is divided by 17.
11
Let l(o) = 2*o**2 + 48*o - 177. Calculate the remainder when 658 is divided by l(-28).
0
Let b(t) = -t**3 - 32*t**2 + 29*t - 1299. Calculate the remainder when (-18)/4*208/(-12) is divided by b(-34).
24
Let n(y) = -439*y**3 + 3*y**2 + 2*y - 4. Let g be n(1). Let u = -414 - g. What is the remainder when 106 is divided by u?
10
Suppose 5*n - 6575 = 4*z + z, 3*n = 2*z + 3941. What is the remainder when n is divided by 36?
15
Let g(d) = 3*d**2 + d. Let u(t) = -15*t**2 - 44*t + 19. Let i(k) = -4*g(k) - u(k). What is the remainder when 23 is divided by i(-14)?
5
Let x(k) = -389*k**3 + 184*k**2 + 369*k + 3. What is the remainder when x(-2) is divided by 8?
1
Let c(w) = -w**3 - 57*w**2 + 239*w - 211. Calculate the remainder when 3286 is divided by c(-61).
90
Suppose -40 + 1260 = 22*q + 76. Calculate the remainder when 97 is divided by q.
45
Suppose 4*k = -x + 2*k + 10, 32 = 5*x + 4*k. Let n = 659 - 640. Calculate the remainder when n is divided by x.
3
Let x(y) = -2*y**2 - 5*y + 12. Let n be x(-4). Suppose -i + 457 = -0*i + 2*j, -2*j = n. What is the remainder when i is divided by 46?
43
Suppose -3*u + 2*u = g + 42, -u = 5*g + 190. Let l = g - -4. Let d = l - -60. What is the remainder when d is divided by 6?
3
Let s = -2854 - -2901. What is the remainder when 654 is divided by s?
43
Let f = 315 + -302. Suppose -3*t = f*t - 880. What is the remainder when 214 is divided by t?
49
Let l = -4628 - -5347. What is the remainder when l is divided by 351?
17
Suppose 6*c + 2*c = 424. Suppose -440 = -9*v - c. Suppose -6*m + 145 - v = 0. What is the remainder when 33 is divided by m?
16
Calculate the remainder when 58*58 - (-166 - -151) is divided by 18.
13
Let d(i) = 76*i**2 + 487*i - 40. Calculate the remainder when d(-7) is divided by 77.
44
Suppose 0*w - 2*w + 20 = 0. Let p = w - 6. Suppose 0 = p*t - 85 - 15. Calculate the remainder when 147 is divided by t.
22
Suppose -4*b - 5*z + 80 = 0, -7*b - 20 = -8*b + 5*z. Let q = -31 - -46. Suppose 4*k - 9 = q. Calculate the remainder when b is divided by k.
2
Let a(d) be the third derivative of d**6/120 + d**5/4 - d**4/24 + 4*d**3/3 + 21*d**2 + 2. What is the remainder when a(-15) is divided by 17?
6
Suppose 0 = -30*m - 0*m + 120. Suppose -2*a = 3*v - a - 40, 0 = 4*v + m*a - 56. Calculate the remainder when 166 is divided by v.
10
Let q be 2/(-8) + ((-20295)/20)/(-11). Let l = q - 26. Let n = -16 + l. Calculate the remainder when n is divided by 17.
16
Suppose 4*u - 1715 - 97 = -5*a, 3*a = 3*u + 1098. Let t = -327 + a. What is the remainder when t is divided by 8?
5
Let m be 7/(1/3 + (-10)/(-60)). Let x = -73 - m. Let o = x - -165. What is the remainder when o is divided by 20?
18
Let p = 663 + -653. What is the remainder when ((-36)/(-30))/(6/320) is divided by p?
4
Let s = 3760 - 3718. Calculate the remainder when s is divided by 13.
3
Let t(m) = -m**3 - 3*m**2 - 3*m - 2. Let a be t(-2). Suppose -3*j - 138 = -a*j. Let i = j - -55. What is the remainder when i is divided by 5?
4
Let r = 107 - 107. Suppose r = j + 9*j. Suppose j = 2*i + 5*n - 0*n - 28, -2*n - 8 = 0. Calculate the remainder when 86 is divided by i.
14
Let i(p) = 3*p**2 + 16*p - 12. Let q be i(-15). Suppose -2*c - 2*o = 2*o - 836, -c = -3*o - q. Calculate the remainder when c is divided by 47.
44
Let x = 6 + 14. Let q(r) = 4*r**2 - 12*r - 12. Let f be q(9). What is the remainder when x is divided by ((-17)/(f/8))/((-2)/36)?
8
What is the remainder when 2095 is divided by -3 - (-19 + 18) - (-37 - 0/(-2))?
30
Let i = 8 - 0. Suppose 5032*x = 5027*x + 225. What is the remainder when x is divided by i?
5
Let c(r) = -17*r**3 - r**2 - 2*r + 1. Let j be c(-2). Let s be (-110)/(-55)*(0 + j/2). Let v = s - 117. Calculate the remainder when 97 is divided by v.
17
Let c(o) = -o**3 - 4*o**2 - 5*o + 3. Let t(n) = n**3 - n**2 - 66*n - 32. Calculate the remainder when t(11) is divided by c(-4).
15
Let v(n) = -2*n**2 - 215*n - 71. Calculate the remainder when v(-87) is divided by 22.
20
Let r = 12425 + -12284. Calculate the remainder when 291 is divided by r.
9
Suppose 14*z = 9*z + 15, -4*w - 3*z = -141. Calculate the remainder when w is divided by 3.
0
Let w(j) = 3*j**3 - 17*j**2 - 12*j + 16. Suppose -4*i = o - 169, -3*i + 11*o + 103 = 7*o. What is the remainder when w(8) is divided by i?
40
Let i(f) = 85*f + 12347. What is the remainder when 435 is divided by i(-145)?
17
Let r be (-132)/(-18)*(9*-8)/(-6). Let d = -3 - -3. Suppose d = 14*g - 6*g - r. Calculate the remainder when g is divided by 4.
3
Let k(z) = -z**2 + 7*z + 9. Let p be k(7). Suppose 2*g + p = -1. Let j = 45 - g. What is the remainder when j is divided by 17?
16
Let s(o) = o + 32. Let g = -95 - -68. Calculate the remainder when (-18)/(-2*1) + -1 is divided by s(g).
3
Let j(i) = -15*i + 14. Let c be j(0). What is the remainder when -2*(-1 + 7/(c/(-55))) is divided by 21?
15
Suppose -16*t + 238 = -2*f, 2*t + 172 = -2*f + 186. Calculate the remainder when 2980 is divided by t.
12
Let a = 6023 - 6021. Calculate the remainder when 3237 is divided by a.
1
Suppose -14*l = -61*l + 57633 - 15286. What is the remainder when l is divided by 251?
148
Let j = -2024 + 2312. Calculate the remainder when j is divided by 61.
44
Let w be (8302/(-21))/(-3 + (-29)/(-9)). Let k be (-9)/(-15) - w/(-15). Let t = -80 - k. What is the remainder when 151 is divided by t?
37
Suppose -3171 - 225 = 4*d. Let h = d + 868. Suppose 4*a + 243 = 5*p, -2*p + a + 100 = -2*a. Calculate the remainder when p is divided by h.
9
Calculate the remainder when 5772 is divided by (-8 + 9)*6468/28.
228
Suppose 9017*z = 8979*z + 347738. What is the remainder when z is divided by 21?
16
Suppose -30*g + 42*g - 22*g = -19030. What is the remainder when g is divided by 28?
27
What is the remainder when (-2*(-1746)/24)/((-2)/(-4)) is divided by 61?
47
Let d(f) = 2*f**2 - 6*f + 8. Let q(b) = b + 17. Let c be q(-7). Suppose -4*p = -66 + c. What is the remainder when p is divided by d(2)?
2
Let d(a) = a**2 - 1. Let w(o) = -7*o**2 + 133. Let t(q) = -6*d(q) - w(q). Let u be t(0). Let c = 260 + u. What is the remainder when c is divided by 17?
14
Let l(c) = -9*c + 26*c + 9*c - 265*c**2 + 264*c**2 - 126. What is the remainder when 41 is divided by l(18)?
5
Let k be -1*(-16)/4 + -466. Calculate the remainder when (-352)/(-8) - ((-15)/(-5) - 1) is divided by (-7)/(k/(-12)) - 246/(-22).
9
Suppose 159 = 7*h - 51. Let m be (-3 + (-67)/3)*-3. Let t = -17 + m. Calculate the remainder when t is divided by h.
29
Let n(k) = 1165*k - 3383. What is the remainder when n(4) is divided by 18?
17
Suppose -20 = -4*f + 2*w, 2414*f = 2415*f - 5*w + 31. Calculate the remainder when 168 + 0 + 0 + 0 is divided by f.
6
Let l = -44 + 76. Let o = -238 + 269. Suppose 35*u - o*u = l. Calculate the remainder when u is divided by 3.
2
Let b = -15296 - -15459. Calculate the remai